 + n. Calculate o(-4).
-6
Let l be 2/(-16) + (-4)/((-32)/(-103)). Let p(s) = s**2 + 11*s - 13. Calculate p(l).
13
Let v(p) = -16*p + 6. Let g = -12 + 14. Let z(x) = -4*x + 7*x + 5*x - g - 3*x. Let r(b) = 2*v(b) + 7*z(b). Give r(3).
7
Let j be (42/(-84))/(2/(-8)). Let q(c) = c**3 + c**2 - 5*c + 3. What is q(j)?
5
Suppose -121 + 133 = -3*y. Let d(v) = -v**3 - 6*v**2 - 4*v + 7. Let m be d(-5). Let t(c) = -4 - 10*c**m + 11*c**2 + 0. What is t(y)?
12
Let o(k) = -20*k - 3. Suppose -2*b - 3 = -2*r + 3, 2*r = b + 7. Determine o(b).
-23
Let h(y) = -2*y - 1. Let q(n) = 15*n + 9. Let g(d) = -14*h(d) - 2*q(d). Suppose 5*j + 1 = -19. Determine g(j).
4
Let f(t) = 84 + 88 - 260 + 18*t + 87 + 4*t. Determine f(-2).
-45
Let f(m) = 6 + 11*m - 9*m - m. Let t be (-6*3/21)/((-3)/(-21)). Calculate f(t).
0
Let a(w) = 2*w + 2. Let l be a(0). Let j(u) = 6*u**3 + 7 - 4*u**3 - 3*u - 3 - 4*u**l - 3*u**3. Determine j(-3).
4
Let k be (-18)/12*(-16)/6. Suppose -2*q = -5*g + 20, -2*g + k*q = g - 12. Let f(t) = -2 + t**3 + g*t**2 - 7*t**2 + 0 - 4*t - 2. Give f(4).
-4
Suppose -4*k + 5*v = 49, 0 = -5*k - 3*v - 13 - 2. Let y be 62/(-12) + k/(-36). Let h(s) = -3*s - 6. Determine h(y).
9
Let o(g) = 2*g**2 + 16*g - 17. Let m(r) = r**2 + 8*r - 8. Let x(d) = 7*m(d) - 3*o(d). Let f be (0 + -4)/(3/6). Calculate x(f).
-5
Let s(l) = -3*l - 4. Suppose 43 = -4*j + 27. What is s(j)?
8
Let l(h) = h - 6. Let b(r) = 0*r**2 - 1 + 23*r**3 - 25*r**3 - 1 - 2*r**2. Let n be b(-2). Suppose 4*a + n = 5*a. Calculate l(a).
0
Let h be (-2 + -1)*(-20)/(-3). Let u = h - -13. Let r(m) be the first derivative of -m**2/2 - 8*m - 162. Calculate r(u).
-1
Let v be (-6*(-28)/(-60))/((-6)/(-15)). Let j(x) = -x**3 - 5*x**2 + 9*x + 9. Give j(v).
44
Suppose -28*u - 77 = -23*u - 3*l, u = -l - 9. Let n(p) = p + 11. Give n(u).
-2
Let w = 12 + 13. Let s be (-1*(0 + -1))/(24 - w). Let t(x) = -13*x**2 + 1. Determine t(s).
-12
Let b(i) = -4*i + 15. Let n be -1 - ((-14)/(-2) - 4) - -10. Determine b(n).
-9
Let x(k) = 6 - 8*k**3 - 7*k**3 + 14*k**3 + 3*k - 7*k**2. Calculate x(-7).
-15
Let z(d) be the third derivative of -d**7/2520 + d**5/60 + 11*d**4/8 + 32*d**2. Let k(y) be the second derivative of z(y). Suppose -1 = -b + 2. What is k(b)?
-7
Let l(h) = 15*h**2 - 26*h - 3. Let f be l(2). Let i(p) = 2*p**2 - 4*p - 1. Give i(f).
29
Let w(i) = -6*i**3 - i**2 + 1. Let m(r) = -r**2 + 20*r + 39. Let q be m(22). Let g be 9 + q + 0 + -3. Calculate w(g).
-6
Let x(b) = -b**3 - 4*b**2 - 4*b. Suppose 4*z + 9 = -3. Suppose 0 = -0*y - y. Let d = z + y. Calculate x(d).
3
Let w be 8 - ((-24)/(-4))/2. Suppose -w*h - 12 = 3*f, 2*h - 12 = 5*f - 2*f. Suppose q - 2*q - 4 = h. Let d(b) = -b**3 - 3*b**2 + 3*b. Determine d(q).
4
Let o(y) be the first derivative of 7*y**4/2 + y**2/2 + 357. Give o(1).
15
Suppose -58*s + 287 = -119. Let y(o) = -o**2 + 8*o - 7. What is y(s)?
0
Let a(l) = l**3 + 6*l**2 - 7*l - 9. Let o(d) = 0 + 3 - 1 + 2009*d - 2018*d. Let c be o(1). Calculate a(c).
-9
Let h(r) = 19*r + 11. Let p(n) = 11*n + 6. Let v(g) = -3*h(g) + 5*p(g). Determine v(13).
-29
Let d(r) = -5*r**2 - r**3 - 5 - 4 - 9 + r + 17 + 2*r. What is d(-6)?
17
Suppose -3*z = -3*p - 33, -z - 3*p = 2*z - 3. Let h(b) be the third derivative of -b**6/120 + 7*b**5/60 - b**4/3 + b**3/6 - 5*b**2. Calculate h(z).
-11
Let v(f) = 14*f + 4. Let y(n) = 5*n + 1. Let i(o) = 3*v(o) - 8*y(o). Let j(k) = -k**3 + 60*k**2 + 59*k + 118. Let d be j(61). Calculate i(d).
-4
Suppose 3*s + 12 = 2*s + 3*g, -2*g + 10 = 0. Let p = 19 - 9. Let w(u) = 4 - 5 + p*u - 11*u - s. What is w(0)?
-4
Let m(v) = v**2 - 7*v - 12. Let o(d) = -d**3 - 10*d**2 - 13*d - 27. Let g be o(-9). What is m(g)?
6
Let z(m) = -m - 7. Let s(t) = 0 - t + 4 + 0*t + 2. Let n be s(10). Determine z(n).
-3
Let s(f) = 13*f**3 - 14*f**3 - 5*f - 8*f**2 - 6 + 19. Let c be s(-7). Let d(a) = -13*a**3 - a**2. Calculate d(c).
12
Let s be (-14)/4 + 2/(-4). Let c(p) be the third derivative of p**4/12 + 2*p**3/3 - 1106*p**2. Give c(s).
-4
Let u(x) = -x**2 - 3*x + 4. Let f(k) = 25*k + 244. Let j be f(-10). Determine u(j).
-14
Let h = 2 + -2. Let d(a) be the third derivative of a**4/24 + 4*a**3/3 + 11*a**2. Give d(h).
8
Suppose 2*n + 16 = z, 3*n + 18 + 7 = z. Let t(l) = l**2 + 11*l + 12. Calculate t(n).
-6
Let y(l) = 12 + 23 + 3*l - 12 + 3*l**2 - 2*l**2 + 6. Give y(0).
29
Suppose 16 = 4*a, 2*a - 31 = 5*v + 3*a. Let k(u) = u**3 + 7*u**2 - 2*u - 18. What is k(v)?
-4
Let h(w) be the third derivative of 0*w + 3*w**2 - 1/60*w**5 - 5/6*w**3 + 1/3*w**4 + 0. Suppose 3*x + f - 23 + 5 = 0, 0 = 5*f. Determine h(x).
7
Let x(n) be the second derivative of -n**4/12 - n**3 + 3*n**2/2 - 3*n. Let w be (1066/12)/(-13) - (-2)/(-12). Give x(w).
-4
Let v(a) = -3*a + 27. Suppose 3*p - 126*f - 46 = -121*f, 58 = 5*p + f. Determine v(p).
-9
Let n(x) = -2*x**3 + 3*x**3 - 13502 - 2*x**3 - x**2 + 13513. Give n(0).
11
Let h = 29 - 20. Let b(a) = a + h + 2*a - 175*a**2 + 167*a**2 + 3*a + a**3. What is b(7)?
2
Let l(z) = -31*z + 26. Let m be l(1). Let g(w) = -w - 10. Give g(m).
-5
Suppose 15 = 4*c + c. Let k(y) = 6*y**c - 333*y**2 + 335*y**2 + 1 - 2. What is k(-1)?
-5
Let v(u) = u + 1. Let i(q) = -q + 1. Let g(d) = -2*i(d) - 3*v(d). Give g(-6).
1
Suppose 0 = 5*k - 1 - 4. Suppose 4*t - 6*t = -4. Let m(v) = v - t + 0 + k - 1. Give m(-3).
-5
Let b(n) be the second derivative of -n**4/12 - 5*n. Let o(p) = 2*p**2 + p - 17. Let c(q) = -3*b(q) - o(q). What is c(0)?
17
Let m(r) = r**2 - 4*r - 6. Let w be (280/(-28))/(2/1). Determine m(w).
39
Let u(f) = -f**2 - 2*f - 2. Let a(k) = -4*k**2 + 0*k**2 - 6*k - k**2 - 7 - k. Let j(o) = -2*a(o) + 9*u(o). Determine j(6).
8
Let f(t) = t**3 + 20*t**2 + 21*t + 36. Let b be f(-19). Let q(n) = -4*n**2 + 2*n. Give q(b).
-20
Let v(m) = -330 - 329 + 657 + 10*m. Calculate v(-2).
-22
Let q(a) be the second derivative of a**5/5 - a**2/2 + 726*a. Let h be 2/(-2)*(1 + 0). Calculate q(h).
-5
Let h(z) be the third derivative of -z**6/120 + z**5/20 + 7*z**4/24 + z**3/3 - 89*z**2. Determine h(5).
-13
Suppose 0 = 3*v - 0*v - 3. Let t(a) be the third derivative of -1/120*a**6 + 0*a - 1/6*a**3 + 1/60*a**5 + 2*a**2 + 0 + 0*a**4. Determine t(v).
-1
Let f(l) = -l**2 - 11*l + 17. Let a be f(-12). Let q(b) = -b**2 + 4*b + 1. Calculate q(a).
-4
Let h = -2 + 3. Let y = h - 1. Let f(g) = -15*g**3 - g**2 + 3*g + 5. Let c(b) = -4*b**3 + b - 1. Let n(s) = -4*c(s) + f(s). Calculate n(y).
9
Let x(f) = 4*f**2 + 3*f + 3. Let s(u) = -13*u**2 - 10*u - 10. Let k(i) = -2*s(i) - 7*x(i). Give k(-1).
-2
Suppose -15*t + 7 = -8*t. Let m(f) = 3*f - 3 - t - 6 - 1. Determine m(5).
4
Let t(m) = 11*m + 1. Let x(l) = -61*l - 3. Let c(z) = 11*t(z) + 2*x(z). Calculate c(-2).
7
Let u(w) = -w**2 - 12*w - 27. Let r be u(-8). Let o(v) = r + 4 - 10 + v. Calculate o(7).
6
Let r(x) = x**3 - 7 + 5*x**2 + 4*x**3 + x - 7*x**3 - 3*x**3 + 4*x**3. Give r(5).
-2
Let j(n) = 20*n + 10. Let g(i) = 7*i + 5. Let p(q) = -8*g(q) + 3*j(q). What is p(4)?
6
Let t(b) = -11*b**3 - 6 + 6*b**2 - 17*b**3 + 48*b**3 - 19*b**3 + 6*b**2. Give t(-12).
-6
Let k(a) = 18*a + 10. Let d(l) = -6*l - 3. Let z(n) = 7*d(n) + 2*k(n). Suppose 2*c = -3*c + 5. Give z(c).
-7
Let v(b) = b**3 - 7*b**2 - 2*b + 7. Let q = -492 + 499. Give v(q).
-7
Suppose -84*n = -102*n - 36. Let a(g) = -7*g - 2. Give a(n).
12
Let p(g) = 207*g - 408*g + 1 + 202*g. Determine p(3).
4
Suppose -2*x + 16 = z + z, 0 = 5*x - 3*z - 24. Let o(h) = 2*h - 5*h**2 - x*h**2 - h. Suppose 0 = -4*c + 1 + 3. Calculate o(c).
-10
Let s(r) = 6*r**3 - 2*r**2 + 13*r. Let m(b) = -b**3 - 2*b - 1. Let c(k) = 5*m(k) + s(k). Calculate c(3).
13
Let t = 44 + -47. Let i be (-5 - t - -3)*-4. Let y(o) = -o**2 - 4*o + 5. Calculate y(i).
5
Let z(l) = -l**2 - 7*l - 1. Let d be ((-42)/18 + 4/(-6))/(-1). Let t be 0 - 1 - (9 + (-9)/d). Calculate z(t).
-1
Suppose 0 = -v - 0 + 13. Let f be -4*(-3)/((-12)/v). Let d = -20 - f. Let x(z) = -z**3 - 8*z**2 - 6*z + 7. Calculate x(d).
0
Let m be (3/(-2))/(6/(-12)). Suppose 8 = -m*u + 7*u. Suppose u*l + 0*l - 4*t - 8 = 0, -5*l = -5*t - 15. Let s(o) = -o**2 + 3*o - 1. Determine s(l).
1
Let h be (-5)/(-2)*(-144)/90. Let j(n) = -3*n**3 - 9*n**2 + 5*n + 1. Let u(y) = y**3 + 3*y**2 - 2*y. Let t(w) = -2*j(w) - 7*u(w). Give t(h).
-2
Let o(c) = 44*c. Let n(s) = -2*s**2 + 57*s + 91. Let b be n(30). What is o(b)?
44
Let z(h) = -h**2 - 12*h - 8. Let v be z(-11). S